or of 23 and 15893.
23
Calculate the greatest common divisor of 745 and 300.
5
What is the highest common factor of 36 and 35628?
12
What is the greatest common divisor of 2029447 and 21?
7
What is the highest common divisor of 160 and 1530?
10
Calculate the highest common divisor of 852 and 7356.
12
Calculate the highest common factor of 902 and 506.
22
What is the greatest common divisor of 3 and 649629?
3
Calculate the highest common factor of 393490 and 7630.
1090
What is the highest common factor of 9684 and 236182?
538
What is the highest common factor of 85782 and 459?
51
What is the greatest common factor of 2416623 and 1093?
1093
What is the greatest common divisor of 185909 and 944?
59
What is the greatest common factor of 33933 and 57?
3
Calculate the greatest common factor of 846 and 3438.
18
What is the highest common factor of 1305957 and 5916?
1479
What is the highest common divisor of 19548 and 243?
27
Calculate the greatest common divisor of 121188 and 12.
12
What is the greatest common divisor of 3 and 2506461?
3
What is the greatest common factor of 12177 and 51783?
123
What is the highest common divisor of 680 and 26792?
136
Calculate the highest common factor of 1650 and 1175.
25
What is the highest common divisor of 242 and 42856?
22
What is the highest common factor of 1176 and 91896?
168
What is the highest common factor of 23 and 3332539?
23
What is the greatest common factor of 53506 and 434?
62
Calculate the greatest common factor of 882 and 4606.
98
What is the highest common divisor of 73025 and 391?
23
What is the greatest common divisor of 3420 and 700530?
570
Calculate the highest common divisor of 26 and 54418.
26
What is the greatest common factor of 4 and 49948?
4
What is the greatest common factor of 63 and 28518?
21
What is the greatest common divisor of 18 and 42138?
18
What is the greatest common divisor of 288 and 1981008?
144
Calculate the greatest common factor of 376 and 1212412.
188
What is the greatest common divisor of 1234992 and 880?
176
What is the greatest common divisor of 1057 and 37163?
7
Calculate the greatest common factor of 101976 and 112.
56
What is the greatest common divisor of 78915 and 30?
15
What is the highest common factor of 2134 and 93335?
11
Calculate the greatest common divisor of 342 and 1910583.
171
Calculate the greatest common factor of 35632 and 816.
272
Calculate the greatest common divisor of 23837 and 13396.
197
What is the greatest common factor of 84218 and 51?
17
What is the highest common factor of 60 and 621066?
6
What is the greatest common divisor of 67116 and 24?
12
What is the greatest common divisor of 16897 and 6925?
277
Calculate the greatest common factor of 5828 and 5332.
124
Calculate the greatest common factor of 3 and 2740.
1
What is the highest common factor of 10660650 and 1050?
1050
What is the highest common factor of 133518 and 2176?
34
What is the highest common divisor of 4462 and 1746?
194
What is the greatest common factor of 28 and 800674?
14
What is the highest common divisor of 670 and 10586?
134
What is the highest common factor of 6875 and 26345?
55
Calculate the highest common factor of 16591 and 987.
47
What is the highest common factor of 47278 and 3991?
307
Calculate the highest common divisor of 1970 and 78050.
10
What is the highest common factor of 6615 and 13965?
735
What is the greatest common divisor of 4 and 657384?
4
Calculate the highest common factor of 484 and 47212.
44
Calculate the highest common divisor of 32768 and 192.
64
Calculate the greatest common divisor of 666 and 2109.
111
Calculate the greatest common divisor of 740 and 4070.
370
Calculate the greatest common divisor of 17064 and 216.
216
What is the greatest common divisor of 1437 and 93?
3
Calculate the greatest common factor of 44 and 114.
2
Calculate the greatest common factor of 882 and 9909.
9
What is the highest common divisor of 16 and 14702?
2
What is the greatest common divisor of 34 and 558467?
17
Calculate the greatest common factor of 271184 and 408.
136
What is the greatest common divisor of 119261 and 239?
239
What is the highest common factor of 1780 and 150410?
890
What is the highest common divisor of 10 and 297355?
5
What is the greatest common factor of 760045 and 91?
13
Calculate the highest common factor of 63201 and 66.
3
What is the highest common factor of 4617 and 23571?
243
What is the greatest common divisor of 1148504 and 168?
56
What is the greatest common factor of 9590 and 630?
70
Calculate the greatest common factor of 968 and 792.
88
What is the highest common factor of 161993 and 6597?
733
Calculate the highest common divisor of 7089 and 153.
51
Calculate the greatest common divisor of 7903 and 167092.
1129
What is the greatest common divisor of 64 and 6048?
32
What is the greatest common divisor of 8446 and 4838?
82
Calculate the greatest common factor of 50268 and 1121.
59
What is the highest common factor of 2942928 and 36?
36
What is the greatest common divisor of 1633 and 4?
1
What is the highest common divisor of 189641 and 426?
71
Calculate the greatest common factor of 6956 and 17168.
148
What is the highest common divisor of 1296 and 4392?
72
Calculate the highest common divisor of 162 and 12555.
81
What is the highest common divisor of 7445 and 45?
5
What is the greatest common divisor of 643 and 917561?
643
Calculate the highest common divisor of 117 and 168309.
9
Calculate the highest common factor of 918 and 2637.
9
Calculate the highest common divisor of 777218 and 104.
26
What is the greatest common divisor of 11376 and 12816?
144
Calculate the highest common divisor of 693 and 72534.
231
What is the highest common divisor of 756 and 44982?
378
Calculate the highest common factor of 186702 and 4698.
174
Calculate the greatest common factor of 57579 and 17.
17
What is the greatest common divisor of 308 and 26818?
22
What is the highest common factor of 148811 and 26?
13
What is the highest common factor of 390912 and 72?
24
What is the greatest common divisor of 10430 and 448?
14
Calculate the highest common factor of 4 and 75306.
2
Calculate the highest common factor of 24 and 55936.
8
What is the highest common factor of 3933 and 213348?
69
What is the highest common factor of 775 and 527?
31
What is the highest common divisor of 2808 and 3381768?
936
What is the greatest common factor of 1497114 and 558?
558
Calculate the greatest common factor of 30033 and 1786.
47
Calculate the highest common divisor of 56105 and 6125.
245
Calculate the greatest common factor of 188638 and 2202.
734
Calculate the highest common divisor of 24860 and 3955.
565
Calculate the greatest common divisor of 11680 and 29054.
146
Calculate the greatest common divisor of 4810 and 102934.
962
What is the highest common factor of 1293050 and 22?
22
What is the highest common divisor of 16 and 3611768?
8
Calculate the highest common factor of 176 and 10692.
44
What is the highest common factor of 27125 and 41881?
217
What is the highest common divisor of 13579 and 296?
37
Calculate the greatest common factor of 575 and 83605.
115
Calculate the highest common factor of 63882 and 1755.
351
Calculate the greatest common factor of 20884 and 230.
46
What is the highest common factor of 43540 and 4?
4
What is the highest common factor of 273 and 2041?
13
What is the highest common divisor of 746636 and 308?
44
Calculate the highest common factor of 1505 and 2065.
35
What is the highest common divisor of 2076 and 46548?
12
What is the highest common divisor of 792 and 1672?
88
Calculate the highest common divisor of 3099638 and 74.
74
What is the highest common factor of 52013 and 2158?
13
What is the greatest common factor of 23248 and 208?
16
What is the greatest common divisor of 10647 and 126?
63
What is the highest common factor of 4257 and 94213?
43
Calculate the greatest common factor of 891 and 65637.
297
Calculate the greatest common factor of 276 and 676844.
92
What is the highest common divisor of 15095688 and 772?
772
Calculate the greatest common factor of 3582 and 567.
9
What is the greatest common factor of 12 and 251820?
12
Calculate the greatest common factor of 320 and 152.
8
What is the greatest common factor of 26469 and